{"id":3184,"date":"2018-10-10T21:20:37","date_gmt":"2018-10-10T20:20:37","guid":{"rendered":"http:\/\/www.of-zwischenwasser.at\/?page_id=3184"},"modified":"2025-10-07T22:22:33","modified_gmt":"2025-10-07T21:22:33","slug":"buchung-rauchmaschine","status":"publish","type":"page","link":"https:\/\/www.of-zwischenwasser.at\/?page_id=3184","title":{"rendered":"Buchung FireFog Raucherzeuger"},"content":{"rendered":"<p>Zu \u00dcbungszwecken steht ein mobiler und leistungsstarker Raucherzeuger (FireFog) zur Verf\u00fcgung. Der Raucherzeuger kann von allen Vorarlberger Feuerwehren f\u00fcr \u00dcbungszwecke ausgeliehen werden.<\/p>\n<p>Der Raucherzeuger kann kostenlos ausgeliehen werden. Verrechnet wird nur die verbrauchte Nebelfl\u00fcssigkeit. Die Abrechnung erfolgt pro verbrauchten Liter. Die Kosten pro Liter, werden in der e-Mail die Sie als Best\u00e4tigung f\u00fcr Ihre Buchungsanfrage erhalten, ausgewiesen.<\/p>\n<p>Um gen\u00fcgend Vorlaufzeit zu haben, sind Buchungen fr\u00fchestens zwei Wochen in der Zukunft m\u00f6glich. Bei kurzfristigeren Anfragen bitte direkt per e-Mail Kontakt mit uns aufnehmen: <a href=\"mailto:brandsimulation@of-zwischenwasser.at\">brandsimulation@of-zwischenwasser.at<\/a><\/p>\n<p>Die Buchung erfolgt \u00fcber das folgende Buchungsformular:<\/p>\n<hr \/>\n <div id=\"form_id1485139256304\" class=\"wpbc_container wpbc_form wpbc_container_booking_form \" ><form id=\"booking_form2\" class=\"booking_form vertical\" method=\"post\" action=\"\"><div id=\"ajax_respond_insert2\" class=\"ajax_respond_insert\" style=\"display:none;\"><\/div><a name=\"bklnk2\" id=\"bklnk2\"><\/a><div id=\"booking_form_div2\" class=\"booking_form_div\"><div class=\"wpbc_booking_form_structure wpbc_form_right\">\r\n  <div class=\"wpbc_structure_calendar\">\r\n    <p>W\u00e4hlen Sie das gew\u00fcnschte Buchungsdatum aus. Bereits reservierte Termine k\u00f6nnen nicht mehr ausgew\u00e4hlt werden!<\/p>\r\n    <div class=\"wpbc_calendar_wraper wpbc_change_over_triangle wpbc_calendar_skin_legacy\"><div class=\"wpbc_cal_container bk_calendar_frame wpbc_no_custom_width  months_num_in_row_ cal_month_num_2 wpbc_timeslot_day_bg_as_available\" style=\"\"><div id=\"calendar_booking2\"  class=\"wpbc_calendar_id_2\" >\t<div class=\"calendar_loader_frame calendar_loader_frame2\"\r\n\t\tdata-wpbc-rid=\"2\"\r\n\t\tdata-wpbc-grace=\"8000\"\r\n\t\tstyle=\"--wpbc-loader-cols: 2;\"\r\n\t>\r\n\t\t<div class=\"calendar_loader_text\">Wird geladen...<\/div>\r\n\t\t<div class=\"calendar_loader_frame__progress_line_container\">\r\n\t\t\t<div class=\"calendar_loader_frame__progress_line\"><\/div>\r\n\t\t<\/div>\r\n\t<\/div>\r\n\t<\/div><\/div><textarea id=\"date_booking2\" name=\"date_booking2\" autocomplete=\"off\" style=\"display:none;\"><\/textarea><div class=\"block_hints datepick \"><div class=\"wpdev_hint_with_text\"><div class=\"\"><div class=\"datepick-inline wpbc_calendar_legend_table_width_height\"><table class=\"datepick wpbc_calendar\" style=\"\"><tbody><tr><td class=\"datepick-days-cell date_available wpbc_calendar_legend_day_cell_height\"><div class=\"wpbc-cell-box\">\t<div class=\"date-cell-content\">\t\t<div class=\"date-content-top\"><\/div>\t\t<a>18<\/a>\t\t<div class=\"date-content-bottom\"><\/div>\t<\/div><\/div><\/td><\/tr><\/tbody><\/table><\/div><\/div><div class=\"block_text\">- <\/div><div class=\"block_text\">Verf\u00fcgbar<\/div><\/div><div class=\"wpdev_hint_with_text\"><div class=\"\"><div class=\"datepick-inline wpbc_calendar_legend_table_width_height\"><table class=\"datepick wpbc_calendar\" style=\"\"><tbody><tr><td class=\"datepick-days-cell datepick-unselectable date_user_unavailable full_day_booking date_approved wpbc_calendar_legend_day_cell_height\"><div class=\"wpbc-cell-box\">\t<div class=\"date-cell-content\">\t\t<div class=\"date-content-top\"><\/div>\t\t<span>18<\/span>\t\t<div class=\"date-content-bottom\"><\/div>\t<\/div><\/div><\/td><\/tr><\/tbody><\/table><\/div><\/div><div class=\"block_text\">- <\/div><div class=\"block_text\">Gebucht<\/div><\/div><div class=\"wpdev_hint_with_text\"><div class=\"\"><div class=\"datepick-inline wpbc_calendar_legend_table_width_height\"><table class=\"datepick wpbc_calendar\" style=\"\"><tbody><tr><td class=\"datepick-days-cell datepick-unselectable date_user_unavailable full_day_booking date2approve wpbc_calendar_legend_day_cell_height\"><div class=\"wpbc-cell-box\">\t<div class=\"date-cell-content\">\t\t<div class=\"date-content-top\"><\/div>\t\t<span>18<\/span>\t\t<div class=\"date-content-bottom\"><\/div>\t<\/div><\/div><\/td><\/tr><\/tbody><\/table><\/div><\/div><div class=\"block_text\">- <\/div><div class=\"block_text\">Vorgemerkt<\/div><\/div><div class=\"wpdev_hint_with_text\"><div class=\"\"><span class=\" wpbc_timeslot_day_bg_as_available wpbc_change_over_triangle\"><div class=\"datepick-inline wpbc_calendar_legend_table_width_height\"><table class=\"datepick wpbc_calendar\" style=\"\"><tbody><tr><td class=\"datepick-days-cell date_available date2approve timespartly times_clock wpbc_calendar_legend_day_cell_height\"><div class=\"wpbc-cell-box\">\t<div class=\"wpbc-diagonal-el\">\t\t<div class=\"wpbc-co-out\"><svg height=\"100%\" width=\"100%\" viewBox=\"0 0 100 100\" preserveAspectRatio=\"none\"><polygon points=\"0,0 0,99 99,0\"><\/polygon><polygon points=\"0,0 0,100 49,100 49,0\"><\/polygon><\/svg><\/div>\t\t<div class=\"wpbc-co-in\"><svg height=\"100%\" width=\"100%\" viewBox=\"0 0 98 98\" preserveAspectRatio=\"none\"><polygon points=\"0,99 99,99 99,0\"><\/polygon><polygon points=\"50,98 98,98 98,0 50,0\"><\/polygon><\/svg><\/div>\t<\/div>\t<div class=\"date-cell-content\">\t\t<div class=\"date-content-top\"><div class=\"wpbc_time_dots\">\u00b7<\/div><\/div>\t\t<a>18<\/a>\t\t<div class=\"date-content-bottom\"><\/div>\t<\/div><\/div><\/td><\/tr><\/tbody><\/table><\/div><\/span><\/div><div class=\"block_text\">- <\/div><div class=\"block_text\">Zum Teil ausgebucht<\/div><\/div><\/div><\/div>\r\n  <\/div>\r\n  <div class=\"wpbc_structure_form\">\r\n     <p><strong>Feuerwehr*:<\/strong><br><span class=\"wpbc_wrap_text wpdev-form-control-wrap name2\"><input type=\"text\" name=\"name2\" value=\"\" autocomplete=\"name\" class=\"booking_form_field wpdev-validates-as-required booking_form_field\" size=\"40\" \/><\/span><\/p>\r\n     <p><strong>Verantwortlicher (Name)*:<\/strong><br><span class=\"wpbc_wrap_text wpdev-form-control-wrap contact2\"><input type=\"text\" name=\"contact2\" value=\"\" autocomplete=\"contact\" class=\"booking_form_field wpdev-validates-as-required booking_form_field\" size=\"40\" \/><\/span><\/p>\r\n     <p><strong>Rechnungsadresse*:<\/strong><br><span class=\"wpbc_wrap_textarea wpdev-form-control-wrap invoice_address2\"><textarea name=\"invoice_address2\" autocomplete=\"invoice_address\" class=\"booking_form_field wpdev-validates-as-required booking_form_field\" rows=\"4\"><\/textarea><\/span><\/p>\r\n     <p><strong>e-Mail*:<\/strong><br><span class=\"wpbc_wrap_text wpdev-form-control-wrap email2\"><input type=\"email\" name=\"email2\" value=\"\" autocomplete=\"email\" class=\"booking_form_field wpdev-validates-as-email wpdev-validates-as-required booking_form_field\" size=\"40\" \/><\/span><\/p>\r\n     <p><strong>Telefonnummer*:<\/strong><br><span class=\"wpbc_wrap_text wpdev-form-control-wrap phone2\"><input type=\"text\" name=\"phone2\" value=\"\" autocomplete=\"phone\" class=\"booking_form_field wpdev-validates-as-required booking_form_field\" size=\"40\" \/><\/span><\/p>\r\n<!--\r\n     <p><strong>Ab Uhrzeit*:<\/strong><br><span class=\"wpbc_wrap_select wpdev-form-control-wrap time_from2\"><select onchange=\"javascript:if(typeof( wpbc_show_cost_hints_after_few_seconds )=='function'){wpbc_show_cost_hints_after_few_seconds(2);}\" name=\"time_from2\" autocomplete=\"time_from\" class=\"wpdev-validates-as-required\"><option value=\"1\">1<\/option><option value=\"2\">2<\/option><option value=\"3\">3<\/option><option value=\"4\">4<\/option><option value=\"5\">5<\/option><option value=\"6\">6<\/option><option value=\"7\">7<\/option><option value=\"8\">8<\/option><option value=\"9\">9<\/option><option value=\"10\">10<\/option><option value=\"11\">11<\/option><option value=\"12\">12<\/option><option value=\"13\">13<\/option><option value=\"14\">14<\/option><option value=\"15\">15<\/option><option value=\"16\">16<\/option><option value=\"17\">17<\/option><option value=\"18\" selected=\"selected\">18<\/option><option value=\"19\">19<\/option><option value=\"20\">20<\/option><option value=\"21\">21<\/option><option value=\"22\">22<\/option><option value=\"23\">23<\/option><option value=\"24\">24<\/option><\/select><\/span><\/p>\r\n     <p><strong>Bis Uhrzeit*:<\/strong><br><span class=\"wpbc_wrap_select wpdev-form-control-wrap time_until2\"><select onchange=\"javascript:if(typeof( wpbc_show_cost_hints_after_few_seconds )=='function'){wpbc_show_cost_hints_after_few_seconds(2);}\" name=\"time_until2\" autocomplete=\"time_until\" class=\"wpdev-validates-as-required\"><option value=\"1\">1<\/option><option value=\"2\">2<\/option><option value=\"3\">3<\/option><option value=\"4\">4<\/option><option value=\"5\">5<\/option><option value=\"6\">6<\/option><option value=\"7\">7<\/option><option value=\"8\">8<\/option><option value=\"9\">9<\/option><option value=\"10\">10<\/option><option value=\"11\">11<\/option><option value=\"12\">12<\/option><option value=\"13\">13<\/option><option value=\"14\">14<\/option><option value=\"15\">15<\/option><option value=\"16\">16<\/option><option value=\"17\">17<\/option><option value=\"18\">18<\/option><option value=\"19\">19<\/option><option value=\"20\" selected=\"selected\">20<\/option><option value=\"21\">21<\/option><option value=\"22\">22<\/option><option value=\"23\">23<\/option><option value=\"24\">24<\/option><\/select><\/span><\/p>\r\n-->\r\n     <p><strong>Vorbereitung \u00dcbung ab*:<\/strong><br><span class=\"wpbc_wrap_text wpdev-form-control-wrap time_preperation_from2\"><input type=\"text\" name=\"time_preperation_from2\" value=\"18:30\" autocomplete=\"time_preperation_from\" class=\"wpdev-validates-as-time wpdev-validates-as-required\" size=\"40\" \/><\/span><\/p>\r\n     <p><strong>Tunnelsperre ab (Tunnel\u00fcbungen):<\/strong><br><span class=\"wpbc_wrap_text wpdev-form-control-wrap time_blocked_from2\"><input type=\"text\" name=\"time_blocked_from2\" value=\"\" autocomplete=\"time_blocked_from\" class=\"wpdev-validates-as-time\" size=\"40\" \/><\/span><\/p>\r\n     <p><strong>Uhrzeit Alarmierung*:<\/strong><br><span class=\"wpbc_wrap_text wpdev-form-control-wrap time_alarm2\"><input type=\"text\" name=\"time_alarm2\" value=\"19:00\" autocomplete=\"time_alarm\" class=\"wpdev-validates-as-time wpdev-validates-as-required\" size=\"40\" \/><\/span><\/p>\r\n     <p><strong>Uhrzeit \u00dcbungsende*:<\/strong><br><span class=\"wpbc_wrap_text wpdev-form-control-wrap time_end2\"><input type=\"text\" name=\"time_end2\" value=\"20:30\" autocomplete=\"time_end\" class=\"wpdev-validates-as-time wpdev-validates-as-required\" size=\"40\" \/><\/span><\/p>\r\n     <p><strong>Art der \u00dcbung*:<\/strong><br><span class=\"wpbc_wrap_select wpdev-form-control-wrap event_type2\"><select onchange=\"javascript:if(typeof( wpbc_show_cost_hints_after_few_seconds )=='function'){wpbc_show_cost_hints_after_few_seconds(2);}\" name=\"event_type2\" autocomplete=\"event_type\" id=\"select_event_typ2\" class=\"booking_form_field wpdev-validates-as-required booking_form_field\"><option value=\"Tunnel \u00dcbung\">Tunnel \u00dcbung<\/option><option value=\"Tiefgaragen \u00dcbung\">Tiefgaragen \u00dcbung<\/option><option value=\"Sonstige \u00dcbung\">Sonstige \u00dcbung<\/option><\/select><\/span><\/p>\r\n     <p><span class=\"wpbc_wrap_text wpdev-form-control-wrap costs2\"><input type=\"text\" name=\"costs2\" value=\"\" autocomplete=\"costs\" id=\"input_costs2\" class=\"booking_form_field booking_form_field\" size=\"40\" \/><\/span><\/p>\r\n     <p><strong>Bemerkung:<\/strong><br><span class=\"wpbc_wrap_textarea wpdev-form-control-wrap details2\"><textarea name=\"details2\" autocomplete=\"details\" class=\"booking_form_field booking_form_field\" rows=\"4\"><\/textarea><\/span><\/p>\r\n     <p>\r\n       <strong>Bitte geben Sie den Pr\u00fcfungscode ein:<\/strong><br>\r\n       <span class=\"wpbc_text_captcha_container wpdev-form-control-wrap \"><input  autocomplete=\"off\" type=\"hidden\" name=\"wpdev_captcha_challenge_2\"  id=\"wpdev_captcha_challenge_2\" value=\"2809577150\" \/><input  autocomplete=\"off\" type=\"text\" class=\"captachinput\" value=\"\" name=\"captcha_input2\" id=\"captcha_input2\" \/><img decoding=\"async\" class=\"captcha_img\"  id=\"captcha_img2\" alt=\"To show CAPTCHA, please deactivate cache plugin or exclude this page from caching or disable CAPTCHA at WP Booking Calendar - Settings General page in Form Options section.\" src=\"https:\/\/www.of-zwischenwasser.at\/wp-content\/plugins\/booking\/js\/captcha\/tmp\/2809577150.png\" \/><\/span>\r\n     <\/p>\r\n     <p><input type=\"button\" value=\"Anfrage absenden \" class=\"wpbc_button_light  btn btn\" onclick=\"mybooking_submit(this.form,2, 'de_DE');\" \/><\/p>\r\n  <\/div>\r\n<\/div>\r\n<div class=\"wpbc_booking_form_footer\"><\/div><input id=\"bk_type2\" name=\"bk_type2\" class=\"\" type=\"hidden\" value=\"2\" \/><\/div><div id=\"submiting2\"><\/div><div class=\"form_bk_messages\" id=\"form_bk_messages2\" ><\/div><input type=\"hidden\" id=\"wpbc_nonceCALCULATE_THE_COST2\" name=\"wpbc_nonceCALCULATE_THE_COST2\" value=\"7b159020c1\" \/><input type=\"hidden\" name=\"_wp_http_referer\" value=\"\/index.php?rest_route=%2Fwp%2Fv2%2Fpages%2F3184\" \/><\/form><\/div><div id=\"booking_form_garbage2\" class=\"booking_form_garbage\"><\/div>\n<script id=\"wpbc-inline-js-wpbc-dup-calendar-warn-2\" type=\"text\/javascript\">\n(function() { var a = setInterval( function() {  if ( ( 'undefined' === typeof _wpbc ) || ( 'undefined' === typeof jQuery ) || ! window.jQuery ) { return; } clearInterval( a ); jQuery( document ).ready( function (){\njQuery(\".widget_wpdev_booking .booking_form.form-horizontal\").removeClass(\"form-horizontal\");\nvar calendars__on_this_page_list = _wpbc.get_other_param(\"calendars__on_this_page\") || [];\nvar visible_calendars_count = calendars__on_this_page_list.length;\nif (visible_calendars_count !== null) {\n  for (var i=0; i<visible_calendars_count; i++) {\n    if (_wpbc.get_other_param(\"calendars__on_this_page\")[i] === 2) {\n      console.log(\"%c%s\", \"color: #e77; font-weight:bold\", \"Warning! The booking calendar for this resource with the ID = 2 is already on the page. Find more details here: https:\\\/\\\/wpbookingcalendar.com\\\/faq\\\/why-the-booking-calendar-widget-not-show-on-page\\\/\");\n    }\n  }\n  _wpbc.get_other_param(\"calendars__on_this_page\")[visible_calendars_count] = 2;\n};\n} ); }, 500 ); })();\n<\/script>\n <script type=\"text\/javascript\"> (function() { var a = setInterval( function() {  if ( ( 'undefined' === typeof _wpbc ) || ( 'undefined' === typeof jQuery ) || ! window.jQuery ) { return; } clearInterval( a ); jQuery( document ).ready( function (){ _wpbc.balancer__set_max_threads( 3 );  _wpbc.calendar__set_param_value( 2 , 'calendar_scroll_to' , false );  _wpbc.calendar__set_param_value( 2 , 'calendar_dates_start' , \"\" );  _wpbc.calendar__set_param_value( 2 , 'calendar_dates_end'   , \"\" );  _wpbc.calendar__set_param_value( 2 , 'booking_max_monthes_in_calendar' , \"1y\" );  _wpbc.calendar__set_param_value( 2 , 'booking_start_day_weeek' , \"1\" );  _wpbc.calendar__set_param_value( 2 , 'calendar_number_of_months' , \"2\" );  _wpbc.calendar__set_param_value( 2, 'days_select_mode', \"single\" );  _wpbc.calendar__set_param_value( 2, 'fixed__days_num', 0 );  _wpbc.calendar__set_param_value( 2, 'fixed__week_days__start',   [] );  _wpbc.calendar__set_param_value( 2, 'dynamic__days_min', 0 );  _wpbc.calendar__set_param_value( 2, 'dynamic__days_max', 0 );  _wpbc.calendar__set_param_value( 2, 'dynamic__days_specific',    [] );  _wpbc.calendar__set_param_value( 2, 'dynamic__week_days__start', [] );  _wpbc.calendar__set_param_value( 2, 'booking_date_format', \"l, j. F, Y\" );  _wpbc.calendar__set_param_value( 2, 'booking_time_format', \"H:i\" );  if ( 'function' === typeof ( wpbc__conditions__SAVE_INITIAL__days_selection_params__bm ) ) { wpbc__conditions__SAVE_INITIAL__days_selection_params__bm( 2 ); }  wpbc_calendar_show(\"2\");  _wpbc.set_secure_param('nonce', \"969e547ae6\");  _wpbc.set_secure_param('user_id', \"0\");  _wpbc.set_secure_param('locale', \"de_DE\");  wpbc_calendar__load_data__ajx({\"resource_id\":2,\"booking_hash\":\"\",\"request_uri\":\"\\\/index.php?rest_route=wpv2pages3184\",\"custom_form\":\"standard\",\"aggregate_resource_id_str\":\"\",\"aggregate_type\":\"all\"}); } ); }, 500 ); })();<\/script>\n\n\n<p><\/p>\n","protected":false},"excerpt":{"rendered":"<p>Zu \u00dcbungszwecken steht ein mobiler und leistungsstarker Raucherzeuger (FireFog) zur Verf\u00fcgung. Der Raucherzeuger kann von allen Vorarlberger Feuerwehren f\u00fcr \u00dcbungszwecke ausgeliehen werden. Der Raucherzeuger kann kostenlos ausgeliehen werden. Verrechnet wird nur die verbrauchte Nebelfl\u00fcssigkeit. Die Abrechnung erfolgt pro verbrauchten Liter. &hellip; <a href=\"https:\/\/www.of-zwischenwasser.at\/?page_id=3184\">Weiterlesen <span class=\"meta-nav\">&rarr;<\/span><\/a><\/p>\n","protected":false},"author":1,"featured_media":0,"parent":3210,"menu_order":0,"comment_status":"closed","ping_status":"closed","template":"","meta":{"footnotes":""},"class_list":["post-3184","page","type-page","status-publish","hentry"],"_links":{"self":[{"href":"https:\/\/www.of-zwischenwasser.at\/index.php?rest_route=\/wp\/v2\/pages\/3184","targetHints":{"allow":["GET"]}}],"collection":[{"href":"https:\/\/www.of-zwischenwasser.at\/index.php?rest_route=\/wp\/v2\/pages"}],"about":[{"href":"https:\/\/www.of-zwischenwasser.at\/index.php?rest_route=\/wp\/v2\/types\/page"}],"author":[{"embeddable":true,"href":"https:\/\/www.of-zwischenwasser.at\/index.php?rest_route=\/wp\/v2\/users\/1"}],"replies":[{"embeddable":true,"href":"https:\/\/www.of-zwischenwasser.at\/index.php?rest_route=%2Fwp%2Fv2%2Fcomments&post=3184"}],"version-history":[{"count":13,"href":"https:\/\/www.of-zwischenwasser.at\/index.php?rest_route=\/wp\/v2\/pages\/3184\/revisions"}],"predecessor-version":[{"id":5654,"href":"https:\/\/www.of-zwischenwasser.at\/index.php?rest_route=\/wp\/v2\/pages\/3184\/revisions\/5654"}],"up":[{"embeddable":true,"href":"https:\/\/www.of-zwischenwasser.at\/index.php?rest_route=\/wp\/v2\/pages\/3210"}],"wp:attachment":[{"href":"https:\/\/www.of-zwischenwasser.at\/index.php?rest_route=%2Fwp%2Fv2%2Fmedia&parent=3184"}],"curies":[{"name":"wp","href":"https:\/\/api.w.org\/{rel}","templated":true}]}}