{"id":5710,"date":"2026-02-23T21:47:41","date_gmt":"2026-02-23T20:47:41","guid":{"rendered":"https:\/\/www.of-zwischenwasser.at\/?page_id=5710"},"modified":"2026-02-23T21:47:41","modified_gmt":"2026-02-23T20:47:41","slug":"einsaetze-2-2-2-3","status":"publish","type":"page","link":"https:\/\/www.of-zwischenwasser.at\/?page_id=5710","title":{"rendered":"Eins\u00e4tze 2025"},"content":{"rendered":"\n<p>Hier finden Sie eine \u00dcbersicht der Eins\u00e4tze aus dem Jahr 2025:<\/p>\n\n\n\n<figure class=\"wp-block-table is-style-regular\"><table><tbody><tr><td><strong>Nr.:<\/strong><\/td><td><\/td><td><strong>Alarmierungszeitpunkt:<\/strong><\/td><td><strong>Pagermeldung:<\/strong><\/td><\/tr><tr><td>31<\/td><td><\/td><td>20.12.2025 21:50<\/td><td><a href=\"?p=5690\">f2 ZWISCHENWASSER FURX 59 \/ fraglich \u00fcberhitzter Ofen; Geruchswahrnehmung<\/a><\/td><\/tr><tr><td>30<\/td><td><\/td><td>13.12.2025 16:09<\/td><td><a href=\"?p=5676\">f2 ZWISCHENWASSER dafins morsch 4 &#8211; nicht genehmigte schadholzverbrennung &gt; abl\u00f6schen<\/a><\/td><\/tr><tr><td>29<\/td><td><\/td><td>11.12.2025 19:03<\/td><td>KDO-GRUPPE ZWISCHENWASSER Muntlix Fr\u00f6dischweg 5 &gt; Feuerwehrhaus f\u00fcr Polizei Einsatz zur Verf\u00fcgung stellen<\/td><\/tr><tr><td>28<\/td><td><\/td><td>15.10.2025 07:57<\/td><td><a href=\"?p=5669\">t1 ZWISCHENWASSER L51- LATERNSER STRA\u00dfE \/ H\u00f6he Waldrast &gt; \u00d6lspur ca 20m &gt; Betriebsstoffe ausgelaufen<\/a><\/td><\/tr><tr><td>27<\/td><td><\/td><td>15.10.2025 01:38<\/td><td><a href=\"?p=5668\">f2 ZWISCHENWASSER SULDIS 50 wohnanlage suldis&nbsp;\/ 02.OG interner Gefahrenmelder hat ausgel\u00f6\u00dft<\/a><\/td><\/tr><tr><td>26<\/td><td><\/td><td>22.08.2025 06:05<\/td><td><a href=\"?p=5617\">t1 ZWISCHENWASSER SULDIS XX \/ Wasser dringt ins Geb\u00e4ude<\/a><\/td><\/tr><tr><td>25<\/td><td><\/td><td>22.08.2025 00:09<\/td><td><a href=\"?p=5617\">t1 ZWISCHENWASSER HISTELERBACH t1 \/ [Bach tritt \u00fcber die Ufer] im Bereich L51\/Baustelle<\/a><\/td><\/tr><tr><td>24<\/td><td><\/td><td>21.08.2025 23:38<\/td><td><a href=\"?p=5617\">t1 ZWISCHENWASSER LATERNSER STRA\u00dfE XX \/ t1 \/ Wasser im Keller &gt; ca 20cm<\/a><\/td><\/tr><tr><td>23<\/td><td><\/td><td>21.08.2025 23:35<\/td><td><a href=\"?p=5617\">t9 ZWISCHENWASSER BUCHWALD XX \/\/ Wasser im Geb\u00e4ud<\/a><\/td><\/tr><tr><td>22<\/td><td><\/td><td>21.08.2025 23:22<\/td><td><a href=\"?p=5617\">t9 ZWISCHENWASSER FURXSTRA\u00dfE XX Verklausung \u2013 Entw\u00e4sserungsgraben oberhalb von Nesensohn Ch.<\/a><\/td><\/tr><tr><td>21<\/td><td><\/td><td>21.08.2025 22:24<\/td><td><a href=\"?p=5617\">t1 ZWISCHENWASSER WENDELINSGASSE 28 GH J\u00e4gerstube \/ Wasser im Geb\u00e4ude<\/a><\/td><\/tr><tr><td>20<\/td><td><\/td><td>21.08.2025 21:47<\/td><td><a href=\"?p=5617\">t1 ZWISCHENWASSER MORSCH \/ beim alten Gr\u00fcnm\u00fcllplatz &gt; Ger\u00f6ll verlegt Stra\u00dfe<\/a><\/td><\/tr><tr><td>19<\/td><td><\/td><td>23.07.2025 20:28<\/td><td><a href=\"?p=5616\">f3 ZWISCHENWASSER D\u00dcRN XX \/ f3 \/ traktor in garage brennt<\/a><\/td><\/tr><tr><td>18<\/td><td><\/td><td>20.07.2025 03:58<\/td><td><a href=\"?p=5615\">t1 ZWISCHENWASSER BUCHWALD XX \/ t1 \/ [WASSER-SCHADEN] Wassereintriff im Keller; Stromausfall im Haus; zur Zeit sind Kanalarbeiten ums Haus [Wassereintritt aktuell nicht gestoppt<\/a><\/td><\/tr><tr><td>17<\/td><td><\/td><td>11.07.2025 09:48<\/td><td><a href=\"?p=5614\">t1 ZWISCHENWASSER BERGSTRA\u00dfE \/ \u00d6LSPUR &gt; ca 500m &gt; richtung Hennab\u00fchel \u2013 Verursacher vor Ort<\/a><\/td><\/tr><tr><td>16<\/td><td><\/td><td>06.07.2025 18:06<\/td><td><a href=\"?p=5597\">t1 R\u00d6THIS RAUTENASTRA\u00dfE 44 VorderlandHus [Suchaktion] mit gutem Schuhwerk einr\u00fccken &gt; Kommando bereits informiert<\/a><\/td><\/tr><tr><td>15<\/td><td><\/td><td>28.06.2025 17:09<\/td><td><a href=\"?p=5596\">t1 ZWISCHENWASSER BERGSTRA\u00dfE &gt;im Waldgebiet [Betriebsstoffe binden nach VU] Polizei vor Ort<\/a><\/td><\/tr><tr><td>14<\/td><td><\/td><td>27.06.2025 20:16<\/td><td><a href=\"?p=5595\">t2 ZWISCHENWASSER L71 \u2013 DAFINSER STRA\u00dfE&nbsp;\/ [FAHRZEUGSICHERUNG] nach VU ohne Verletzten \u2013 Polizei vor Ort<\/a><\/td><\/tr><tr><td>13<\/td><td><\/td><td>26.06.2025 17:03<\/td><td><a href=\"?p=5591\">t1 ZWISCHENWASSER LATERNSER STRA\u00dfE XX \/ Wasser im Keller &gt; Sands\u00e4cke werden ben\u00f6tigt<\/a><\/td><\/tr><tr><td>12<\/td><td><\/td><td>25.06.2025 11:45<\/td><td>t1 ZWISCHENWASSER Batschuns &#8211; L51 (Schafkopfkurve) \u00f6lspur nach VU mit Moped (Einsatz von Bauhof \u00fcbernommen)<\/td><\/tr><tr><td>11<\/td><td><\/td><td>24.05.2025 21:32<\/td><td><a href=\"?p=5590\">t2 ZWISCHENWASSER KAPFSTRA\u00dfE XX \/ [Ausleuchten] f\u00fcr Hubschrauber-Einsatz<\/a><\/td><\/tr><tr><td>10<\/td><td><\/td><td>15.05.2025 06:39<\/td><td><a href=\"?p=5578\">t2 ZWISCHENWASSER FR\u00d6DISCHBACHBR\u00dcCKE L72-KREUZSTRA\u00dfE \/ Sichtschutz wird ben\u00f6tigt &gt;Rettung und Polizei vor ort<\/a><\/td><\/tr><tr><td>09<\/td><td><\/td><td>27.04.2025 21:28<\/td><td><a href=\"?p=5575\">t1 ZWISCHENWASSER STEGSTRA\u00dfE XX&nbsp;\/ [WASSER-SCHADEN] Anzahl R\u00e4ume:3 (Keller) Wasserh\u00f6he: 2cm Ursache: nicht bekannt [Wasser dringt weiterhin ein<\/a><\/td><\/tr><tr><td>08<\/td><td><\/td><td>26.04.2025 09:45<\/td><td><a href=\"?p=5573\">t3 ZWISCHENWASSER UNTERBERG XX \/ [V.U. mit Verletzten] Traktor Ri. Wald abgest\u00fcrzt &gt; Rauchentwicklung \u2013 1x Person<\/a><\/td><\/tr><tr><td>07<\/td><td><\/td><td>07.04.2025 08:30<\/td><td><a href=\"?p=5572\">t1 ZWISCHENWASSER MUNTLIX LATERNSER STRA\u00dfE &gt; \u00d6lspur ab \u201eFireobat\u201c<\/a><\/td><\/tr><tr><td>06<\/td><td><\/td><td>06.04.2025 21:10<\/td><td><a href=\"?p=5567\">t1 ZWISCHENWASSER SULDIS &gt; Katze auf Baum<\/a><\/td><\/tr><tr><td>05<\/td><td><\/td><td>06.04.2025 17:19<\/td><td><a href=\"?p=5566\">f4 RANKWEIL IN DER SCHAUFEL 38 \/ Geb\u00e4udebrand<\/a><\/td><\/tr><tr><td>04<\/td><td><\/td><td>13.03.2025 11:43<\/td><td><a href=\"?p=5563\">f1 ZWISCHENWASSER KAPFSTRA\u00dfE 1 \/ davor in der Wiese [Nachl\u00f6scharbeiten] Holzhaufen nach Schadholzverbrennung &gt; KTW vor ort<\/a><\/td><\/tr><tr><td>03<\/td><td><\/td><td>09.03.2025 21:00<\/td><td><a href=\"?p=5562\">t1 ZWISCHENWASSER BERGSTRA\u00dfE &gt; \u00d6lspur<\/a><\/td><\/tr><tr><td>02<\/td><td><\/td><td>09.03.2025 19:15<\/td><td><a href=\"?p=5492\">f2 ZWISCHENWASSER KAPFSTRA\u00dfE &gt; Funken abl\u00f6sche<\/a><\/td><\/tr><tr><td>01<\/td><td><\/td><td>22.01.2025 19:10<\/td><td><a href=\"?p=5479\">t1 ZWISCHENWASSER HAUPTSTRA\u00dfE XX [TECHNISCHER EINSATZ] Fahrzeugbergung &gt; Polizei vor Ort<\/a><\/td><\/tr><\/tbody><\/table><\/figure>\n\n\n\n<p><\/p>\n","protected":false},"excerpt":{"rendered":"<p>Hier finden Sie eine \u00dcbersicht der Eins\u00e4tze aus dem Jahr 2025: Nr.: Alarmierungszeitpunkt: Pagermeldung: 31 20.12.2025 21:50 f2 ZWISCHENWASSER FURX 59 \/ fraglich \u00fcberhitzter Ofen; Geruchswahrnehmung 30 13.12.2025 16:09 f2 ZWISCHENWASSER dafins morsch 4 &#8211; nicht genehmigte schadholzverbrennung &gt; abl\u00f6schen &hellip; <a href=\"https:\/\/www.of-zwischenwasser.at\/?page_id=5710\">Weiterlesen <span class=\"meta-nav\">&rarr;<\/span><\/a><\/p>\n","protected":false},"author":1,"featured_media":0,"parent":1659,"menu_order":0,"comment_status":"closed","ping_status":"closed","template":"","meta":{"footnotes":""},"class_list":["post-5710","page","type-page","status-publish","hentry"],"_links":{"self":[{"href":"https:\/\/www.of-zwischenwasser.at\/index.php?rest_route=\/wp\/v2\/pages\/5710","targetHints":{"allow":["GET"]}}],"collection":[{"href":"https:\/\/www.of-zwischenwasser.at\/index.php?rest_route=\/wp\/v2\/pages"}],"about":[{"href":"https:\/\/www.of-zwischenwasser.at\/index.php?rest_route=\/wp\/v2\/types\/page"}],"author":[{"embeddable":true,"href":"https:\/\/www.of-zwischenwasser.at\/index.php?rest_route=\/wp\/v2\/users\/1"}],"replies":[{"embeddable":true,"href":"https:\/\/www.of-zwischenwasser.at\/index.php?rest_route=%2Fwp%2Fv2%2Fcomments&post=5710"}],"version-history":[{"count":1,"href":"https:\/\/www.of-zwischenwasser.at\/index.php?rest_route=\/wp\/v2\/pages\/5710\/revisions"}],"predecessor-version":[{"id":5711,"href":"https:\/\/www.of-zwischenwasser.at\/index.php?rest_route=\/wp\/v2\/pages\/5710\/revisions\/5711"}],"up":[{"embeddable":true,"href":"https:\/\/www.of-zwischenwasser.at\/index.php?rest_route=\/wp\/v2\/pages\/1659"}],"wp:attachment":[{"href":"https:\/\/www.of-zwischenwasser.at\/index.php?rest_route=%2Fwp%2Fv2%2Fmedia&parent=5710"}],"curies":[{"name":"wp","href":"https:\/\/api.w.org\/{rel}","templated":true}]}}