{"id":9,"date":"2012-09-24T12:44:29","date_gmt":"2012-09-24T12:44:29","guid":{"rendered":"http:\/\/www.of-zwischenwasser.at\/?page_id=9"},"modified":"2026-03-11T21:05:32","modified_gmt":"2026-03-11T20:05:32","slug":"mannschanft","status":"publish","type":"page","link":"https:\/\/www.of-zwischenwasser.at\/?page_id=9","title":{"rendered":"Mannschaft"},"content":{"rendered":"<p align=\"center\"><img decoding=\"async\" title=\"Mannschafftsfoto von 2018\" src=\"\\wp-content\\uploads\\mannschaft2012\\MS2018.JPG\" alt=\"Mannschafftsfoto von 2018\" \/><\/p>\n<p>Die Frauen und M\u00e4nner die sich unentgeltlich unz\u00e4hlige Stunden f\u00fcr die Gesellschaft leisten, sind der wichtigste Teil einer Feuerwehr. Ohne den Einsatz dieser Menschen w\u00e4re das Feuerwehrwesen wie wir es Heute kennen nicht finanzierbar.<\/p>\n<p>Die Ortsfeuerwehr Zwischenwasser z\u00e4hlt derzeit: <strong>6 aktive Feuerwehrfrauen<\/strong>, <strong>45 aktive Feuerwehrm\u00e4nner<\/strong>, <strong>eine passive Feuerwehrfrau<\/strong>, <strong>7 passive Feuerwehrm\u00e4nner<\/strong>, <strong>17 Ehrenmitglieder<\/strong> und <strong>13 Jugendfeuerwehrmitglieder<\/strong>. Dies ergibt<strong> 89 Personen<\/strong> die sich in den Dienst f\u00fcr die Bewohner von Zwischenwasser stellen (Stand: 05.03.2025).<\/p>\n<p>Unsere Mannschaft untergliedert sich wie folgt:<\/p>\n<ul>\n<li><a title=\"Kommando der OF Zwischenwasser\" href=\"?page_id=54\">Kommando<\/a><\/li>\n<li><a title=\"Dienstgrade der OF Zwischenwasser\" href=\"?page_id=2481\">Dienstgrade<\/a><\/li>\n<li><a title=\"Aktive Mitglieder der OF Zwischenwasser\" href=\"?page_id=56\">Aktive Mitglieder<\/a><\/li>\n<li><a title=\"Passive Mitglieder der OF Zwischenwasser\" href=\"?page_id=58\">Passive Mitglieder<\/a><\/li>\n<li><a title=\"Ehrenmitglieder der OF Zwischenwasser\" href=\"?page_id=64\">Ehrenmitglieder<\/a><\/li>\n<li><a title=\"Mitglieder der Jugendfeuerwehr Zwischenwasser\" href=\"?page_id=71\">Jugendfeuerwehr<\/a><\/li>\n<\/ul>\n<p>Den Feuerwehrfrauen und M\u00e4nnern sind unterschiedliche Dienstgrade zugeteilt. Welche Dienstgrade es gibt und wie diese gegliedert sind, k\u00f6nnen Sie <a title=\"Dienstgrade in der Feuerwehr\" href=\"?page_id=525\">hier<\/a> erfahren!<\/p>\n","protected":false},"excerpt":{"rendered":"<p>Die Frauen und M\u00e4nner die sich unentgeltlich unz\u00e4hlige Stunden f\u00fcr die Gesellschaft leisten, sind der wichtigste Teil einer Feuerwehr. Ohne den Einsatz dieser Menschen w\u00e4re das Feuerwehrwesen wie wir es Heute kennen nicht finanzierbar. Die Ortsfeuerwehr Zwischenwasser z\u00e4hlt derzeit: 6 &hellip; <a href=\"https:\/\/www.of-zwischenwasser.at\/?page_id=9\">Weiterlesen <span class=\"meta-nav\">&rarr;<\/span><\/a><\/p>\n","protected":false},"author":1,"featured_media":0,"parent":7,"menu_order":0,"comment_status":"closed","ping_status":"closed","template":"","meta":{"footnotes":""},"class_list":["post-9","page","type-page","status-publish","hentry"],"_links":{"self":[{"href":"https:\/\/www.of-zwischenwasser.at\/index.php?rest_route=\/wp\/v2\/pages\/9","targetHints":{"allow":["GET"]}}],"collection":[{"href":"https:\/\/www.of-zwischenwasser.at\/index.php?rest_route=\/wp\/v2\/pages"}],"about":[{"href":"https:\/\/www.of-zwischenwasser.at\/index.php?rest_route=\/wp\/v2\/types\/page"}],"author":[{"embeddable":true,"href":"https:\/\/www.of-zwischenwasser.at\/index.php?rest_route=\/wp\/v2\/users\/1"}],"replies":[{"embeddable":true,"href":"https:\/\/www.of-zwischenwasser.at\/index.php?rest_route=%2Fwp%2Fv2%2Fcomments&post=9"}],"version-history":[{"count":45,"href":"https:\/\/www.of-zwischenwasser.at\/index.php?rest_route=\/wp\/v2\/pages\/9\/revisions"}],"predecessor-version":[{"id":5740,"href":"https:\/\/www.of-zwischenwasser.at\/index.php?rest_route=\/wp\/v2\/pages\/9\/revisions\/5740"}],"up":[{"embeddable":true,"href":"https:\/\/www.of-zwischenwasser.at\/index.php?rest_route=\/wp\/v2\/pages\/7"}],"wp:attachment":[{"href":"https:\/\/www.of-zwischenwasser.at\/index.php?rest_route=%2Fwp%2Fv2%2Fmedia&parent=9"}],"curies":[{"name":"wp","href":"https:\/\/api.w.org\/{rel}","templated":true}]}}